site number?
True
Is 340373851 a prime number?
False
Is 61086139 composite?
True
Is 102780589 a composite number?
True
Is 6152305 composite?
True
Is 2114771 a prime number?
True
Is 6852047 composite?
False
Is 88861543 prime?
False
Is 1222817 composite?
True
Is 202064111 a prime number?
False
Is 67531603 a composite number?
False
Is 541965167 a prime number?
False
Is 2113087 composite?
False
Is 2426977 prime?
False
Is 28734047 a prime number?
False
Is 2628737 a composite number?
False
Is 65424977 a prime number?
True
Is 3419279 composite?
False
Is 1530539 composite?
False
Is 4032271 a prime number?
False
Is 24423409 composite?
True
Is 39450521 a prime number?
False
Is 2732993 prime?
True
Is 3372277 composite?
True
Is 50499791 composite?
False
Is 21819433 prime?
False
Is 82279 prime?
True
Is 11449682 a composite number?
True
Is 3076211 composite?
False
Is 57735077 a composite number?
True
Is 9629611 prime?
True
Is 1292977 a prime number?
False
Is 84299 a composite number?
False
Is 176497 a prime number?
True
Is 2348267 a prime number?
False
Is 9835541 a composite number?
True
Is 119927653 a prime number?
False
Is 242971 prime?
True
Is 68345741 a prime number?
False
Is 44683 composite?
False
Is 106938427 composite?
True
Is 44554711 a prime number?
False
Is 16074713 a composite number?
False
Is 7118491 a prime number?
True
Is 55998115 prime?
False
Is 18864089 composite?
True
Is 965765213 a composite number?
True
Is 80595393 prime?
False
Is 14873237 a prime number?
False
Is 8740943 composite?
True
Is 1685029 composite?
True
Is 21241117 a prime number?
False
Is 16632449 prime?
True
Is 5539187 prime?
True
Is 35613797 prime?
True
Is 76968799 prime?
True
Is 1370011 a prime number?
False
Is 2532713 a prime number?
False
Is 204576755 prime?
False
Is 62380517 composite?
False
Is 228509701 a composite number?
True
Is 12900787 prime?
False
Is 938297 a composite number?
True
Is 148500707 composite?
False
Is 132548287 composite?
True
Is 3520399 composite?
False
Is 3457453 a composite number?
False
Is 288560257 prime?
True
Is 569271 composite?
True
Is 6642137 a prime number?
True
Is 1782818 a prime number?
False
Is 4559735 composite?
True
Is 10221329 a composite number?
True
Is 268067 a prime number?
False
Is 5071349 composite?
True
Is 11858857 a composite number?
True
Is 17891767 a prime number?
True
Is 1250303 a prime number?
False
Is 11543339 a prime number?
True
Is 10849898 composite?
True
Is 22263755 prime?
False
Is 75492799 prime?
True
Is 33742039 composite?
True
Is 620321257 prime?
True
Is 8054507 composite?
False
Is 20819069 a composite number?
True
Is 3415666 a composite number?
True
Is 142837 composite?
False
Is 12910147 a composite number?
False
Is 16128671 a prime number?
False
Is 30566089 a composite number?
True
Is 1372331 a prime number?
True
Is 3616397 composite?
False
Is 1068052133 a prime number?
False
Is 9768119 prime?
True
Is 64926179 a prime number?
False
Is 1578498611 prime?
True
Is 10119611 prime?
False
Is 205401739 a prime number?
False
Is 21590711 prime?
False
Is 1610561 prime?
True
Is 107774911 composite?
False
Is 5241553 a composite number?
True
Is 1285900013 a prime number?
True
Is 13893943 a prime number?
False
Is 4321109 prime?
False
Is 9226331 a composite number?
True
Is 17860487 a composite number?
False
Is 10219103 composite?
False
Is 10367783 composite?
False
Is 39719789 a composite number?
False
Is 150350561 a composite number?
True
Is 3415641 prime?
False
Is 1430931 a prime number?
False
Is 51501 composite?
True
Is 1029185047 a prime number?
False
Is 31801819 a composite number?
True
Is 3322931 prime?
True
Is 2244551 composite?
True
Is 6061789 a composite number?
True
Is 35419261 prime?
True
Is 15983155 composite?
True
Is 396001 a composite number?
False
Is 1825037 a composite number?
True
Is 116940767 a composite number?
False
Is 81542083 a prime number?
False
Is 4750951 prime?
True
Is 333119567 prime?
False
Is 58430227 prime?
True
Is 47247157 prime?
True
Is 10719487 composite?
False
Is 14924073 a prime number?
False
Is 117648373 composite?
False
Is 36633781 a composite number?
False
Is 22277059 a composite number?
True
Is 6068161 a prime number?
False
Is 737419 a prime number?
False
Is 179921699 a composite number?
False
Is 144129211 a composite number?
True
Is 117078491 a composite number?
False
Is 393985707 a composite number?
True
Is 38779073 prime?
True
Is 1266198603 a prime number?
False
Is 483139 composite?
False
Is 116389409 prime?
False
Is 3255583 a prime number?
True
Is 102944899 a prime number?
False
Is 69310847 a composite number?
False
Is 20338967 a prime number?
False
Is 27450931 composite?
False
Is 37820095 a prime number?
False
Is 43854487 prime?
True
Is 1989269 prime?
False
Is 128656751 a composite number?
False
Is 50117 a composite number?
True
Is 113732399 a prime number?
False
Is 8960971 a composite number?
True
Is 8518331 a composite number?
False
Is 100532701 prime?
False
Is 71471086 composite?
True
Is 25333879 prime?
False
Is 410863 prime?
False
Is 1939621 prime?
True
Is 15180005 a composite number?
True
Is 3424289 a prime number?
False
Is 571633637 composite?
False
Is 107329 composite?
True
Is 505380839 a composite number?
True
Is 892321 composite?
False
Is 5793371 a composite number?
False
Is 53231705 composite?
True
Is 20900371 a prime number?
True
Is 205880581 a prime number?
True
Is 8249681 composite?
True
Is 1342430113 a prime number?
True
Is 5916917 a prime number?
False
Is 8355439 composite?
False
Is 11792467 prime?
True
Is 13191229 prime?
True
Is 910597 prime?
False
Is 4105369 a composite number?
True
Is 16172501 a prime number?
True
Is 1250479 prime?
True
Is 143887007 a prime number?
False
Is 3261317 a prime number?
True
Is 1491437513 composite?
False
Is 3659177 a prime number?
True
Is 1342195 prime?
False
Is 2547409 a composite number?
True
Is 26073851 a composite number?
True
Is 4128257 a composite number?
True
Is 2253718 composite?
True
Is 81969143 a prime number?
True
Is 1860179 a prime number?
True
Is 216634487 composite?
False
Is 879581 a composite number?
False
Is 3775127 a composite number?
False
Is 2029439 a composite number?
False
Is 1716703 a prime number?
True
Is 2379785 prime?
False
Is 2426651 a prime number?
True
Is 17450659 prime?
True
Is 190101913 prime?
True
Is 831232261 a prime number?
False
Is 14047673 a prime number?
True
Is 10313749 prime?
True
Is 18403141 prime?
True
Is 156083 prime?
False
Is 3354503 prime?
True
Is 107595383 prime?
False
Is 307 composite?
False
Is 2929349 a prime number?
False
Is 2832503 a prime number?
True
Is 30361099 a prime number?
False
Is 55146701 a composite number?
False
Is 44672807 composite?
True
Is 2645462 a prime number?
False
Is 40813 prime?
True
Is 122553607 a prime number?
False
Is 5934221 a prime number?
True
Is 2764259 composite?
True
Is 1628479 composite?
True
Is 28324507 prime?
True
Is 20947609 a composite number?
False
Is 8646815 a composite number?
True
Is 2537959 composite?
False
Is 443979877 prime?
False
Is 10334393 prime?
True
Is 23494249 prime?
False
Is 5153747 a prime number?
True
Is 1899043 a prime number?
False
Is 336489017 prime?
True
Is 8617099 a prime number?
False
Is 1495321 a composite number?
False
Is 7134013 a prime number?
False
Is 18315743 prime?
True
Is 10211363 a composite number?
False
Is 26686157 composite?
False
Is 6435647 a prime number?
False
Is 7060279 prime?
True
Is 134113141 prime?
True
Is 4011494 composite?
True
Is 131132369 prime?
False
Is 18823877 a prime number?
False
Is 9106553 prime?
True
Is 917698 composite?
True
Is 102660121 a prime number?
True
Is 184467443 prime?
False
Is 3286991 composite?
False
Is 229241 a composite number?
True
Is 4026665 a prime number?
False
Is 17122229 a composite number?
True
Is 1990319 a composite number?
False
Is 213238079 composite?
True
Is 31489709 a composite number?
False
Is 234708646 prime?
False
Is 401782 a prime number?
False
Is 159974453 prime?
False
Is 38666099 composite?
False
Is 87548099 composite?
False
Is 4680839 a prime number?
False
Is 4608757 a prime number?
False
Is 139179413 a prime number?
True
Is 973397 composite?
False
Is 9455027 composite?
True
Is 1189921 a prime number?
False
Is 281495411 composite?
False
Is 2277671 a composite number?
True
Is 